{"id":85,"date":"2026-02-28T18:46:08","date_gmt":"2026-02-28T21:46:08","guid":{"rendered":"http:\/\/gatoleo.com.br\/?page_id=85"},"modified":"2026-03-07T13:56:43","modified_gmt":"2026-03-07T16:56:43","slug":"historias","status":"publish","type":"page","link":"https:\/\/gatoleo.com.br\/?page_id=85","title":{"rendered":"Hist\u00f3rias"},"content":{"rendered":"\n<figure class=\"wp-block-audio\"><audio controls src=\"http:\/\/gatoleo.com.br\/wp-content\/uploads\/2026\/02\/03.-Terra-dos-Atobas.mp3\"><\/audio><figcaption class=\"wp-element-caption\">Terra dos Atob\u00e1s<\/figcaption><\/figure>\n\n\n\n<figure class=\"wp-block-audio\"><audio controls src=\"http:\/\/gatoleo.com.br\/wp-content\/uploads\/2026\/02\/02.-A-camera.mp3\"><\/audio><figcaption class=\"wp-element-caption\">A c\u00e2mera<\/figcaption><\/figure>\n\n\n\n<figure class=\"wp-block-audio\"><audio controls src=\"http:\/\/gatoleo.com.br\/wp-content\/uploads\/2026\/02\/06.-Ditos-de-avos-e-pais-1.mp3\"><\/audio><figcaption class=\"wp-element-caption\">Ditos de av\u00f3s e pais 1<\/figcaption><\/figure>\n\n\n\n<figure class=\"wp-block-audio\"><audio controls src=\"http:\/\/gatoleo.com.br\/wp-content\/uploads\/2026\/02\/07.-Ditos-de-avos-e-pais-2.mp3\"><\/audio><figcaption class=\"wp-element-caption\">Ditos de av\u00f3s e pais 2<\/figcaption><\/figure>\n\n\n\n<figure class=\"wp-block-audio\"><audio controls src=\"http:\/\/gatoleo.com.br\/wp-content\/uploads\/2026\/02\/05.-O-cachorro-e-a-bicicleta.mp3\"><\/audio><figcaption class=\"wp-element-caption\">O cachorro e a bicicleta<\/figcaption><\/figure>\n\n\n\n<figure class=\"wp-block-audio\"><audio controls src=\"http:\/\/gatoleo.com.br\/wp-content\/uploads\/2026\/02\/08.-Meu-nome-nao-e-Joao.mp3\"><\/audio><figcaption class=\"wp-element-caption\">Meu nome n\u00e3o \u00e9 Jo\u00e3o<\/figcaption><\/figure>\n\n\n\n<figure class=\"wp-block-audio\"><audio controls src=\"http:\/\/gatoleo.com.br\/wp-content\/uploads\/2026\/02\/01.-O-cha.mp3\"><\/audio><figcaption class=\"wp-element-caption\">O ch\u00e1<\/figcaption><\/figure>\n\n\n\n<figure class=\"wp-block-audio\"><audio controls src=\"http:\/\/gatoleo.com.br\/wp-content\/uploads\/2026\/02\/04.-Visao.mp3\"><\/audio><figcaption class=\"wp-element-caption\">Vis\u00e3o<\/figcaption><\/figure>\n\n\n\n<figure class=\"wp-block-audio\"><audio controls src=\"http:\/\/gatoleo.com.br\/wp-content\/uploads\/2026\/02\/09.-Bah.mp3\"><\/audio><figcaption class=\"wp-element-caption\">Bah<\/figcaption><\/figure>\n\n\n\n<figure class=\"wp-block-audio\"><audio controls src=\"http:\/\/gatoleo.com.br\/wp-content\/uploads\/2026\/02\/10.-Pintura.mp3\"><\/audio><figcaption class=\"wp-element-caption\">Pintura<\/figcaption><\/figure>\n\n\n\n<p><\/p>\n","protected":false},"excerpt":{"rendered":"","protected":false},"author":2,"featured_media":0,"parent":0,"menu_order":0,"comment_status":"closed","ping_status":"closed","template":"","meta":{"site-sidebar-layout":"default","site-content-layout":"","ast-site-content-layout":"default","site-content-style":"default","site-sidebar-style":"default","ast-global-header-display":"","ast-banner-title-visibility":"","ast-main-header-display":"","ast-hfb-above-header-display":"","ast-hfb-below-header-display":"","ast-hfb-mobile-header-display":"","site-post-title":"","ast-breadcrumbs-content":"","ast-featured-img":"","footer-sml-layout":"","ast-disable-related-posts":"","theme-transparent-header-meta":"","adv-header-id-meta":"","stick-header-meta":"","header-above-stick-meta":"","header-main-stick-meta":"","header-below-stick-meta":"","astra-migrate-meta-layouts":"default","ast-page-background-enabled":"default","ast-page-background-meta":{"desktop":{"background-color":"var(--ast-global-color-5)","background-image":"","background-repeat":"repeat","background-position":"center center","background-size":"auto","background-attachment":"scroll","background-type":"","background-media":"","overlay-type":"","overlay-color":"","overlay-opacity":"","overlay-gradient":""},"tablet":{"background-color":"","background-image":"","background-repeat":"repeat","background-position":"center center","background-size":"auto","background-attachment":"scroll","background-type":"","background-media":"","overlay-type":"","overlay-color":"","overlay-opacity":"","overlay-gradient":""},"mobile":{"background-color":"","background-image":"","background-repeat":"repeat","background-position":"center center","background-size":"auto","background-attachment":"scroll","background-type":"","background-media":"","overlay-type":"","overlay-color":"","overlay-opacity":"","overlay-gradient":""}},"ast-content-background-meta":{"desktop":{"background-color":"var(--ast-global-color-4)","background-image":"","background-repeat":"repeat","background-position":"center center","background-size":"auto","background-attachment":"scroll","background-type":"","background-media":"","overlay-type":"","overlay-color":"","overlay-opacity":"","overlay-gradient":""},"tablet":{"background-color":"var(--ast-global-color-4)","background-image":"","background-repeat":"repeat","background-position":"center center","background-size":"auto","background-attachment":"scroll","background-type":"","background-media":"","overlay-type":"","overlay-color":"","overlay-opacity":"","overlay-gradient":""},"mobile":{"background-color":"var(--ast-global-color-4)","background-image":"","background-repeat":"repeat","background-position":"center center","background-size":"auto","background-attachment":"scroll","background-type":"","background-media":"","overlay-type":"","overlay-color":"","overlay-opacity":"","overlay-gradient":""}},"_vp_format_video_url":"","_vp_image_focal_point":[],"footnotes":""},"class_list":["post-85","page","type-page","status-publish","hentry"],"_links":{"self":[{"href":"https:\/\/gatoleo.com.br\/index.php?rest_route=\/wp\/v2\/pages\/85","targetHints":{"allow":["GET"]}}],"collection":[{"href":"https:\/\/gatoleo.com.br\/index.php?rest_route=\/wp\/v2\/pages"}],"about":[{"href":"https:\/\/gatoleo.com.br\/index.php?rest_route=\/wp\/v2\/types\/page"}],"author":[{"embeddable":true,"href":"https:\/\/gatoleo.com.br\/index.php?rest_route=\/wp\/v2\/users\/2"}],"replies":[{"embeddable":true,"href":"https:\/\/gatoleo.com.br\/index.php?rest_route=%2Fwp%2Fv2%2Fcomments&post=85"}],"version-history":[{"count":2,"href":"https:\/\/gatoleo.com.br\/index.php?rest_route=\/wp\/v2\/pages\/85\/revisions"}],"predecessor-version":[{"id":283,"href":"https:\/\/gatoleo.com.br\/index.php?rest_route=\/wp\/v2\/pages\/85\/revisions\/283"}],"wp:attachment":[{"href":"https:\/\/gatoleo.com.br\/index.php?rest_route=%2Fwp%2Fv2%2Fmedia&parent=85"}],"curies":[{"name":"wp","href":"https:\/\/api.w.org\/{rel}","templated":true}]}}